ed by 739?
26
What is the remainder when 189018 is divided by 575?
418
Calculate the remainder when 1172103 is divided by 1172102.
1
Calculate the remainder when 14453602 is divided by 12.
10
Calculate the remainder when 56992342 is divided by 61.
42
Calculate the remainder when 9315634 is divided by 372625.
9
What is the remainder when 9603763 is divided by 55?
48
What is the remainder when 40414 is divided by 505?
14
What is the remainder when 131167281 is divided by 1111587?
15
Calculate the remainder when 1433677 is divided by 80.
77
Calculate the remainder when 827573 is divided by 3567.
29
Calculate the remainder when 94347053 is divided by 6.
5
What is the remainder when 155646 is divided by 267?
252
Calculate the remainder when 1683505 is divided by 1401.
904
What is the remainder when 6267901 is divided by 2089283?
52
What is the remainder when 1494232 is divided by 168?
40
Calculate the remainder when 617071 is divided by 1210.
1181
What is the remainder when 1060097 is divided by 8282?
1
What is the remainder when 2866778 is divided by 366?
266
Calculate the remainder when 42731005 is divided by 42731002.
3
What is the remainder when 2304339 is divided by 460857?
54
Calculate the remainder when 4106434 is divided by 19369.
206
What is the remainder when 358923419 is divided by 270?
269
What is the remainder when 2425386 is divided by 808452?
30
Calculate the remainder when 87744 is divided by 17500.
244
Calculate the remainder when 67467047 is divided by 1136.
7
Calculate the remainder when 1126 is divided by 801.
325
What is the remainder when 1982407 is divided by 67?
11
What is the remainder when 593553 is divided by 1225?
653
What is the remainder when 1745012 is divided by 1777?
1775
Calculate the remainder when 134203 is divided by 766.
153
Calculate the remainder when 12217412 is divided by 469900.
12
What is the remainder when 150624 is divided by 74269?
2086
What is the remainder when 2383091 is divided by 121?
117
Calculate the remainder when 172192 is divided by 1629.
1147
Calculate the remainder when 238324 is divided by 79018.
1270
Calculate the remainder when 30535 is divided by 1791.
88
Calculate the remainder when 770600 is divided by 9655.
7855
Calculate the remainder when 3927897 is divided by 1963944.
9
Calculate the remainder when 122910699 is divided by 59.
11
Calculate the remainder when 33614815 is divided by 2226.
2215
What is the remainder when 45886 is divided by 3246?
442
What is the remainder when 230531 is divided by 5407?
3437
What is the remainder when 39490357 is divided by 261?
13
Calculate the remainder when 892720 is divided by 892702.
18
What is the remainder when 28568110 is divided by 16?
14
Calculate the remainder when 282431 is divided by 94109.
104
Calculate the remainder when 31301912 is divided by 69.
62
Calculate the remainder when 24693462 is divided by 1175879.
3
Calculate the remainder when 4437086 is divided by 16.
14
What is the remainder when 1102315 is divided by 742?
445
Calculate the remainder when 244788 is divided by 192.
180
What is the remainder when 4735895 is divided by 44?
43
What is the remainder when 10992 is divided by 14?
2
What is the remainder when 81145 is divided by 20101?
741
Calculate the remainder when 676273 is divided by 2783.
4
Calculate the remainder when 312871 is divided by 312839.
32
What is the remainder when 30812 is divided by 1570?
982
What is the remainder when 416487 is divided by 1640?
1567
Calculate the remainder when 8721 is divided by 1094.
1063
What is the remainder when 1995324 is divided by 5026?
2
What is the remainder when 38835 is divided by 6129?
2061
Calculate the remainder when 3634834 is divided by 18640.
34
Calculate the remainder when 999321 is divided by 1720.
1
Calculate the remainder when 166155908 is divided by 5243.
5238
Calculate the remainder when 27164429 is divided by 1086576.
29
Calculate the remainder when 452656 is divided by 277.
38
What is the remainder when 251990 is divided by 19369?
193
What is the remainder when 182511 is divided by 4057?
4003
Calculate the remainder when 186826 is divided by 9594.
4540
What is the remainder when 1732501 is divided by 3543?
3517
What is the remainder when 1334782 is divided by 156?
46
Calculate the remainder when 186883 is divided by 186861.
22
What is the remainder when 607108 is divided by 67454?
22
Calculate the remainder when 53804 is divided by 53750.
54
Calculate the remainder when 228251959 is divided by 2654.
2651
Calculate the remainder when 21214488 is divided by 218.
36
Calculate the remainder when 136435 is divided by 6084.
2587
What is the remainder when 366453 is divided by 183182?
89
What is the remainder when 21578396 is divided by 162?
158
What is the remainder when 117409 is divided by 998?
643
What is the remainder when 2585691 is divided by 8706?
9
Calculate the remainder when 849239 is divided by 121279.
286
Calculate the remainder when 36978861 is divided by 5928.
5925
Calculate the remainder when 168998 is divided by 6346.
4002
Calculate the remainder when 172089 is divided by 5061.
15
Calculate the remainder when 4471570 is divided by 38.
34
What is the remainder when 6194154 is divided by 18?
12
What is the remainder when 1477579 is divided by 815?
799
Calculate the remainder when 31321733 is divided by 10.
3
Calculate the remainder when 69266652 is divided by 1385.
32
What is the remainder when 813626 is divided by 364?
86
Calculate the remainder when 154009 is divided by 149306.
4703
Calculate the remainder when 18214665 is divided by 146.
143
What is the remainder when 405316 is divided by 202422?
472
What is the remainder when 2462054 is divided by 874?
870
Calculate the remainder when 138185 is divided by 1645.
5
Calculate the remainder when 1143753 is divided by 11553.
6
What is the remainder when 3819425 is divided by 1875?
50
What is the remainder when 323388 is divided by 160623?
2142
Calculate the remainder when 103916 is divided by 34543.
287
What is the remainder when 167720 is divided by 3181?
2308
Calculate the remainder when 31660688 is divided by 22375.
63
What is the remainder when 4519 is divided by 4?
3
What is the remainder when 199355 is divided by 1286?
25
Calculate the remainder when 11060880 is divided by 690.
180
Calculate the remainder when 82181 is divided by 16421.
76
Calculate the remainder when 5700563 is divided by 1180.
1163
Calculate the remainder when 80215 is divided by 3207.
40
Calculate the remainder when 131912 is divided by 10139.
105
What is the remainder when 29926222 is divided by 54?
16
What is the remainder when 959588 is divided by 12457?
399
Calculate the remainder when 18439 is divided by 55.
14
Calculate the remainder when 3608648 is divided by 515519.
15
What is the remainder when 176848 is divided by 1273?
1174
What is the remainder when 63128584 is divided by 93?
91
What is the remainder when 28664679 is divided by 1182?
1179
Calculate the remainder when 8532337 is divided by 63.
58
What is the remainder when 1895539 is divided by 173?
151
What is the remainder when 981629 is divided by 632?
133
What is the remainder when 1008079 is divided by 3833?
0
What is the remainder when 4854728 is divided by 809115?
38
Calculate the remainder when 38713667 is divided by 214.
211
What is the remainder when 1412751 is divided by 1696?
1679
What is the remainder when 1402700 is divided by 111?
104
What is the remainder when 272745 is divided by 66775?
5645
Calculate the remainder when 1814820 is divided by 604926.
42
Calculate the remainder when 633401 is divided by 1400.
601
Calculate the remainder when 31996616 is divided by 4256.
8
Calculate the remainder when 987893 is divided by 73.
57
What is the remainder when 236924 is divided by 78152?
2468
Calculate the remainder when 98261 is divided by 80.
21
What is the remainder when 355067 is divided by 353124?
1943
What is the remainder when 577406 is divided by 192468?
2
What is the remainder when 155191302 is divided by 33310?
12
What is the remainder when 195503 is divided by 5423?
275
What is the remainder when 5094572 is divided by 1709?
43
What is the remainder when 63633 is divided by 15457?
1805
What is the remainder when 68326994 is divided by 1786?
1778
Cal